49?
0
What is the tens digit of 381736?
3
What is the hundreds digit of 635804?
8
What is the ten thousands digit of 256846?
5
What is the hundreds digit of 19453387?
3
What is the hundred thousands digit of 678130?
6
What is the ten thousands digit of 147554?
4
What is the ten thousands digit of 10567972?
6
What is the units digit of 140892?
2
What is the thousands digit of 22280?
2
What is the hundreds digit of 4622888?
8
What is the ten thousands digit of 112018?
1
What is the tens digit of 34886?
8
What is the tens digit of 798347?
4
What is the hundreds digit of 15541389?
3
What is the thousands digit of 266424?
6
What is the ten thousands digit of 14495891?
9
What is the hundreds digit of 90660?
6
What is the hundreds digit of 169106?
1
What is the ten thousands digit of 180904?
8
What is the millions digit of 4814373?
4
What is the thousands digit of 1496003?
6
What is the tens digit of 993870?
7
What is the ten thousands digit of 216332?
1
What is the units digit of 139548?
8
What is the thousands digit of 274059?
4
What is the hundred thousands digit of 662297?
6
What is the units digit of 6470285?
5
What is the units digit of 491787?
7
What is the hundreds digit of 223493?
4
What is the units digit of 229570?
0
What is the millions digit of 4107794?
4
What is the ten millions digit of 15041081?
1
What is the ten thousands digit of 6294050?
9
What is the tens digit of 146590?
9
What is the units digit of 151109?
9
What is the hundreds digit of 1230684?
6
What is the hundreds digit of 246673?
6
What is the hundreds digit of 15537630?
6
What is the units digit of 26352194?
4
What is the units digit of 35080?
0
What is the hundreds digit of 7229434?
4
What is the units digit of 169442?
2
What is the units digit of 1983610?
0
What is the tens digit of 17102600?
0
What is the millions digit of 11104064?
1
What is the thousands digit of 857549?
7
What is the hundreds digit of 819216?
2
What is the hundreds digit of 4984187?
1
What is the ten thousands digit of 27689076?
8
What is the millions digit of 1081974?
1
What is the thousands digit of 184099?
4
What is the units digit of 4386750?
0
What is the hundreds digit of 7202095?
0
What is the ten thousands digit of 6231753?
3
What is the hundred thousands digit of 786288?
7
What is the hundreds digit of 2843400?
4
What is the units digit of 6206662?
2
What is the ten thousands digit of 278219?
7
What is the hundreds digit of 889164?
1
What is the thousands digit of 3576300?
6
What is the thousands digit of 1464917?
4
What is the thousands digit of 5715182?
5
What is the thousands digit of 25712358?
2
What is the tens digit of 748958?
5
What is the millions digit of 2355568?
2
What is the millions digit of 20902215?
0
What is the hundreds digit of 3006737?
7
What is the hundreds digit of 1804996?
9
What is the hundreds digit of 935953?
9
What is the tens digit of 283536?
3
What is the hundreds digit of 13834859?
8
What is the ten thousands digit of 13863?
1
What is the tens digit of 6057380?
8
What is the hundreds digit of 884105?
1
What is the tens digit of 558691?
9
What is the tens digit of 163641?
4
What is the hundreds digit of 34905?
9
What is the hundred thousands digit of 780115?
7
What is the units digit of 3706679?
9
What is the units digit of 486643?
3
What is the ten thousands digit of 14686?
1
What is the ten thousands digit of 170676?
7
What is the units digit of 1228043?
3
What is the hundreds digit of 248393?
3
What is the units digit of 1440568?
8
What is the ten thousands digit of 460032?
6
What is the tens digit of 2970069?
6
What is the tens digit of 25200?
0
What is the ten thousands digit of 1524531?
2
What is the millions digit of 1328616?
1
What is the ten thousands digit of 6655514?
5
What is the tens digit of 5262870?
7
What is the hundred thousands digit of 594108?
5
What is the hundred thousands digit of 1105631?
1
What is the tens digit of 122142?
4
What is the units digit of 12189146?
6
What is the millions digit of 3893441?
3
What is the thousands digit of 1021912?
1
What is the ten thousands digit of 1255214?
5
What is the tens digit of 509251?
5
What is the millions digit of 1536671?
1
What is the hundreds digit of 2750436?
4
What is the units digit of 286524?
4
What is the thousands digit of 128029?
8
What is the ten thousands digit of 8000822?
0
What is the tens digit of 16826432?
3
What is the ten thousands digit of 394429?
9
What is the units digit of 927388?
8
What is the millions digit of 11936037?
1
What is the thousands digit of 3119657?
9
What is the units digit of 12419681?
1
What is the thousands digit of 4060492?
0
What is the tens digit of 10938643?
4
What is the tens digit of 17588779?
7
What is the hundred thousands digit of 886641?
8
What is the ten thousands digit of 1345631?
4
What is the thousands digit of 997425?
7
What is the hundreds digit of 88636?
6
What is the millions digit of 3594733?
3
What is the hundreds digit of 430700?
7
What is the thousands digit of 6683787?
3
What is the ten thousands digit of 1556550?
5
What is the hundreds digit of 455209?
2
What is the hundreds digit of 414428?
4
What is the hundred thousands digit of 6471059?
4
What is the hundreds digit of 233024?
0
What is the hundreds digit of 2889388?
3
What is the tens digit of 587211?
1
What is the ten thousands digit of 8315093?
1
What is the ten millions digit of 14750678?
1
What is the hundreds digit of 1684028?
0
What is the hundreds digit of 13793554?
5
What is the tens digit of 144325?
2
What is the thousands digit of 547433?
7
What is the ten thousands digit of 356643?
5
What is the hundred thousands digit of 13219906?
2
What is the tens digit of 3444936?
3
What is the tens digit of 413297?
9
What is the hundreds digit of 20425779?
7
What is the tens digit of 108094?
9
What is the hundred thousands digit of 106032?
1
What is the units digit of 5843234?
4
What is the units digit of 3297124?
4
What is the millions digit of 26237247?
6
What is the hundred thousands digit of 29607349?
6
What is the thousands digit of 2661600?
1
What is the ten thousands digit of 10819441?
1
What is the ten thousands digit of 905630?
0
What is the ten thousands digit of 1462771?
6
What is the millions digit of 1455143?
1
What is the tens digit of 272858?
5
What is the thousands digit of 556033?
6
What is the hundred thousands digit of 316752?
3
What is the ten thousands digit of 84891?
8
What is the hundreds digit of 5575154?
1
What is the millions digit of 4215839?
4
What is the ten thousands digit of 22308831?
0
What is the thousands digit of 2048973?
8
What is the units digit of 98137?
7
What is the hundred thousands digit of 20493408?
4
What is the thousands digit of 3011226?
1
What is the units digit of 1975462?
2
What is the tens digit of 8417146?
4
What is the thousands digit of 363751?
3
What is the hundred thousands digit of 3560519?
5
What is the ten millions digit of 10435934?
1
What is the ten thousands digit of 36883?
3
What is the thousands digit of 5616880?
6
What is the hundreds digit of 3434390?
3
What is the hundreds digit of 849585?
5
What is the hundreds digit of 97543?
5
What is the hundreds digit of 586637?
6
What is the tens digit of 3130010?
1
What is the ten thousands digit of 1960900?
6
What is the hundreds digit of 24986548?
5
What is the hundreds digit of 4043833?
8
What is the thousands digit of 492013?
2
What is the tens digit of 282573?
7
What is the units digit of 181748?
8
What is the hundreds digit of 1044749?
7
What is the units digit of 256275?
5
What is the ten thousands digit of 316893?
1
What is the tens digit of 14734281?
8
What is the hundreds digit of 8798?
7
What is the tens digit of 4398142?
4
What is the hundred thousands digit of 3169262?
1
What is the thousands digit of 4218400?
8
What is the thousands digit of 259455?
9
What is the hundreds digit of 3985436?
4
What is the ten thousands digit of 1236051?
3
What is the thousands digit of 15053?
5
What is the units digit of 1248501?
1
What is the units digit of 286786?
6
What is the units digit of 23314214?
4
What is the ten thousands digit of 1130565?
3
What is the tens digit of 13158426?
2
What is the ten thousands digit of 200719?
0
What is the hundred thousands digit of 1486488